{"id":290,"date":"2023-11-07T05:30:53","date_gmt":"2023-11-07T04:30:53","guid":{"rendered":"https:\/\/jardinpaisible.fr\/?page_id=290"},"modified":"2024-01-30T09:46:27","modified_gmt":"2024-01-30T08:46:27","slug":"services-de-securite-pour-la-tranquillite-desprit","status":"publish","type":"page","link":"https:\/\/jardinpaisible.fr\/index.php\/services-de-securite-pour-la-tranquillite-desprit\/","title":{"rendered":"La S\u00e9curit\u00e9"},"content":{"rendered":"\n<p class=\"has-white-color has-text-color has-background\" style=\"background-color:#92c938e6\">Nous comprenons l&rsquo;importance de se sentir en s\u00e9curit\u00e9 chez soi, c&rsquo;est pourquoi nous offrons \u00e9galement une gamme compl\u00e8te de services de s\u00e9curit\u00e9 pour vous aider \u00e0 vivre en toute tranquillit\u00e9 d&rsquo;esprit.<\/p>\n\n\n\n<p class=\"has-white-color has-text-color has-background\" style=\"background-color:#547520db\">Nous effectuons des patrouilles r\u00e9guli\u00e8res, des tours de garde et des veilles de maison pour dissuader les intrusions et prot\u00e9ger vos biens.<\/p>\n\n\n\n<p class=\"has-white-color has-text-color has-background\" style=\"background-color:#92c938e6\">Que vous soyez un particulier ou une entreprise, nous proposons \u00e9galement des services de surveillance de mat\u00e9riel pour vous aider \u00e0 prot\u00e9ger vos \u00e9quipements ou marchandises dans vos locaux ou durant vos d\u00e9placements.<\/p>\n\n\n\n<p class=\"has-white-color has-text-color has-background\" style=\"background-color:#547520db\">Parce que la s\u00e9curit\u00e9 compte aussi, <a href=\"https:\/\/jardinpaisible.fr\/index.php\/2023\/11\/10\/contactez-nous\/\" title=\"\">contactez-nous<\/a> d\u00e8s aujourd&rsquo;hui pour en savoir plus sur nos services et obtenir un devis personnalis\u00e9.<\/p>\n\n\n\n<figure class=\"wp-block-image size-large is-resized\"><img fetchpriority=\"high\" decoding=\"async\" width=\"671\" height=\"1024\" src=\"https:\/\/jardinpaisible.fr\/wp-content\/uploads\/2024\/01\/JARDIN-PAISIBLE.FR-LOGO-SECURITE-ombre-671x1024.png\" alt=\"\" class=\"wp-image-1232\" style=\"width:59px;height:auto\" srcset=\"https:\/\/jardinpaisible.fr\/wp-content\/uploads\/2024\/01\/JARDIN-PAISIBLE.FR-LOGO-SECURITE-ombre-671x1024.png 671w, https:\/\/jardinpaisible.fr\/wp-content\/uploads\/2024\/01\/JARDIN-PAISIBLE.FR-LOGO-SECURITE-ombre-197x300.png 197w, https:\/\/jardinpaisible.fr\/wp-content\/uploads\/2024\/01\/JARDIN-PAISIBLE.FR-LOGO-SECURITE-ombre-768x1172.png 768w, https:\/\/jardinpaisible.fr\/wp-content\/uploads\/2024\/01\/JARDIN-PAISIBLE.FR-LOGO-SECURITE-ombre-1007x1536.png 1007w, https:\/\/jardinpaisible.fr\/wp-content\/uploads\/2024\/01\/JARDIN-PAISIBLE.FR-LOGO-SECURITE-ombre-1343x2048.png 1343w\" sizes=\"(max-width: 671px) 100vw, 671px\" \/><\/figure>\n","protected":false},"excerpt":{"rendered":"<p>Nous comprenons l&rsquo;importance de se sentir en s\u00e9curit\u00e9 chez soi, c&rsquo;est pourquoi nous offrons \u00e9galement une gamme compl\u00e8te de services de [&hellip;]<\/p>\n","protected":false},"author":1,"featured_media":289,"parent":0,"menu_order":0,"comment_status":"closed","ping_status":"closed","template":"","meta":{"om_disable_all_campaigns":false,"_monsterinsights_skip_tracking":false,"_monsterinsights_sitenote_active":false,"_monsterinsights_sitenote_note":"","_monsterinsights_sitenote_category":0,"footnotes":""},"aioseo_notices":[],"_links":{"self":[{"href":"https:\/\/jardinpaisible.fr\/index.php\/wp-json\/wp\/v2\/pages\/290"}],"collection":[{"href":"https:\/\/jardinpaisible.fr\/index.php\/wp-json\/wp\/v2\/pages"}],"about":[{"href":"https:\/\/jardinpaisible.fr\/index.php\/wp-json\/wp\/v2\/types\/page"}],"author":[{"embeddable":true,"href":"https:\/\/jardinpaisible.fr\/index.php\/wp-json\/wp\/v2\/users\/1"}],"replies":[{"embeddable":true,"href":"https:\/\/jardinpaisible.fr\/index.php\/wp-json\/wp\/v2\/comments?post=290"}],"version-history":[{"count":20,"href":"https:\/\/jardinpaisible.fr\/index.php\/wp-json\/wp\/v2\/pages\/290\/revisions"}],"predecessor-version":[{"id":1234,"href":"https:\/\/jardinpaisible.fr\/index.php\/wp-json\/wp\/v2\/pages\/290\/revisions\/1234"}],"wp:featuredmedia":[{"embeddable":true,"href":"https:\/\/jardinpaisible.fr\/index.php\/wp-json\/wp\/v2\/media\/289"}],"wp:attachment":[{"href":"https:\/\/jardinpaisible.fr\/index.php\/wp-json\/wp\/v2\/media?parent=290"}],"curies":[{"name":"wp","href":"https:\/\/api.w.org\/{rel}","templated":true}]}}