{"id":393,"date":"2023-11-09T01:41:39","date_gmt":"2023-11-09T00:41:39","guid":{"rendered":"https:\/\/jardinpaisible.fr\/?page_id=393"},"modified":"2023-11-11T04:23:43","modified_gmt":"2023-11-11T03:23:43","slug":"mentions-legales","status":"publish","type":"page","link":"https:\/\/jardinpaisible.fr\/index.php\/mentions-legales\/","title":{"rendered":"Mentions L\u00e9gales"},"content":{"rendered":"\n<h2 class=\"wp-block-heading has-text-color\" style=\"color:#92c938\">Informations relatives \u00e0 l&rsquo;\u00e9diteur<\/h2>\n\n\n\n<p class=\"has-white-color has-text-color\">Le site \u00ab\u00a0Jardin Paisible\u00a0\u00bb est \u00e9dit\u00e9 et exploit\u00e9 par Fr\u00e9d\u00e9ric Bastiani (EI), exer\u00e7ant sous le num\u00e9ro de SIRET 52981760300028, pour l&rsquo;\u00e9tablissement Jardin Paisible, dont le si\u00e8ge social est situ\u00e9 au 99 Avenue Achille Peretti \u00e0 Neuilly-sur-Seine 92200.<\/p>\n\n\n\n<p class=\"has-white-color has-text-color\">Directeur de la publication : Fr\u00e9d\u00e9ric Bastiani        contact: <a href=\"mailto:frederic@jardinpaisible.fr\">frederic@jardinpaisible.fr<\/a><\/p>\n\n\n\n<p class=\"has-white-color has-text-color\">num\u00e9ro de t\u00e9l\u00e9phone : <a href=\"tel:0773301151\" title=\"\">07 73 30 11 51<\/a><\/p>\n\n\n\n<h2 class=\"wp-block-heading has-text-color\" style=\"color:#92c938\">Informations relatives \u00e0 l&rsquo;h\u00e9bergeur<\/h2>\n\n\n\n<p class=\"has-white-color has-text-color\">Hostinger International LTD est l&rsquo;h\u00e9bergeur du site \u00ab\u00a0Jardin Paisible\u00a0\u00bb et se situe 61 Lordou Vironos Street, 6023 Larnaca, \u00e0 Chypre.  Contact : https:\/\/www.<strong>hostinger<\/strong>.fr\/contact.<\/p>\n\n\n\n<h2 class=\"wp-block-heading has-text-color\" style=\"color:#92c938\">Propri\u00e9t\u00e9 int\u00e9llectuelle<\/h2>\n\n\n\n<p class=\"has-white-color has-text-color\">Ce site web est prot\u00e9g\u00e9 par les droits de propri\u00e9t\u00e9 intellectuelle et sont la propri\u00e9t\u00e9 exclusive de Jardin Paisible, Fr\u00e9d\u00e9ric Bastiani (EI). L\u2019ensemble du site web qu\u2019il s\u2019agisse de son architecture, des graphismes, logos ainsi que l\u2019ensemble des publications et contenus constituent des \u0153uvres originales \u00e9ligibles \u00e0 la protection au titre du droit d\u2019auteur.<\/p>\n\n\n\n<p class=\"has-white-color has-text-color\">Toute reproduction, int\u00e9grale ou partielle, tout adaptation, toute traduction, tout arrangement est illicite sans le consentement de l\u2019auteur. Toute reproduction ou toute exploitation non autoris\u00e9e des contenus pr\u00e9sents sur ce site engage la responsabilit\u00e9 de son auteur et l\u2019expose \u00e0 des risques de poursuite, notamment sur le fondement de la contrefa\u00e7on.<\/p>\n\n\n\n<h2 class=\"wp-block-heading has-text-color\" style=\"color:#92c938\">Liens hypertextes<\/h2>\n\n\n\n<p class=\"has-white-color has-text-color\">Dans le cas o\u00f9 le site jardinpaisible.fr contiendrait des liens hypertextes vers d\u2019autres sites, nous n\u2019exer\u00e7ons aucun contr\u00f4le sur le contenu des sites tiers et ne saurions, en cons\u00e9quence, assumer aucune responsabilit\u00e9 \u00e0 ce titre.<\/p>\n\n\n\n<h2 class=\"wp-block-heading has-text-color\" style=\"color:#92c938\">Exon\u00e9ration de responsabilit\u00e9<\/h2>\n\n\n\n<p class=\"has-white-color has-text-color\">Jardin Paisible ( Fr\u00e9d\u00e9ric Bastiani (EI)) d\u00e9cline toute responsabilit\u00e9 quant \u00e0 l\u2019utilisation qui pourrait \u00eatre faite des informations et contenus pr\u00e9sents sur ce site. Jardin Paisible s\u2019engage \u00e0 faire ses meilleurs efforts pour s\u00e9curiser son site. N\u00e9anmoins, aucun site n\u2019\u00e9tant inviolable, la responsabilit\u00e9 de Jardin Paisible (Fr\u00e9d\u00e9ric Bastiani (EI)) ne pourra \u00eatre mise en cause si des donn\u00e9es ind\u00e9sirables sont import\u00e9es et install\u00e9es sur son site \u00e0 son insu, ou si \u00e0 l\u2019inverse, les donn\u00e9es transmises par l\u2019utilisateur dans le cadre de l\u2019utilisation du site sont d\u00e9tourn\u00e9es pour \u00eatre utilis\u00e9es illicitement par des tiers.<\/p>\n\n\n\n<h2 class=\"wp-block-heading has-text-color\" style=\"color:#92c938\">CNIL<\/h2>\n\n\n\n<p class=\"has-white-color has-text-color\">Vous disposez d\u2019un droit d\u2019acc\u00e8s et de rectification concernant les donn\u00e9es collect\u00e9es sur ce site, dans les conditions pr\u00e9vues par la loi n\u00b078-17 du 6 janvier 1978 (modifi\u00e9e) relative \u00e0 l\u2019informatique, aux fichiers et aux libert\u00e9s. Pour l\u2019exercer, il suffit d\u2019adresser un courriel \u00e0 l\u2019adresse suivante : <a href=\"mailto:contact@jardinpaisible.fr\">contact@jardinpaisible.fr<\/a>. Pour plus d\u2019informations, nous vous invitons \u00e0 vous reporter \u00e0 notre politique de confidentialit\u00e9.<\/p>\n","protected":false},"excerpt":{"rendered":"<p>Informations relatives \u00e0 l&rsquo;\u00e9diteur Le site \u00ab\u00a0Jardin Paisible\u00a0\u00bb est \u00e9dit\u00e9 et exploit\u00e9 par Fr\u00e9d\u00e9ric Bastiani (EI), exer\u00e7ant sous le num\u00e9ro de [&hellip;]<\/p>\n","protected":false},"author":1,"featured_media":0,"parent":0,"menu_order":0,"comment_status":"closed","ping_status":"closed","template":"","meta":{"om_disable_all_campaigns":false,"_monsterinsights_skip_tracking":false,"_monsterinsights_sitenote_active":false,"_monsterinsights_sitenote_note":"","_monsterinsights_sitenote_category":0,"footnotes":""},"aioseo_notices":[],"_links":{"self":[{"href":"https:\/\/jardinpaisible.fr\/index.php\/wp-json\/wp\/v2\/pages\/393"}],"collection":[{"href":"https:\/\/jardinpaisible.fr\/index.php\/wp-json\/wp\/v2\/pages"}],"about":[{"href":"https:\/\/jardinpaisible.fr\/index.php\/wp-json\/wp\/v2\/types\/page"}],"author":[{"embeddable":true,"href":"https:\/\/jardinpaisible.fr\/index.php\/wp-json\/wp\/v2\/users\/1"}],"replies":[{"embeddable":true,"href":"https:\/\/jardinpaisible.fr\/index.php\/wp-json\/wp\/v2\/comments?post=393"}],"version-history":[{"count":11,"href":"https:\/\/jardinpaisible.fr\/index.php\/wp-json\/wp\/v2\/pages\/393\/revisions"}],"predecessor-version":[{"id":507,"href":"https:\/\/jardinpaisible.fr\/index.php\/wp-json\/wp\/v2\/pages\/393\/revisions\/507"}],"wp:attachment":[{"href":"https:\/\/jardinpaisible.fr\/index.php\/wp-json\/wp\/v2\/media?parent=393"}],"curies":[{"name":"wp","href":"https:\/\/api.w.org\/{rel}","templated":true}]}}